4. Let a(q) = -q**3 - q - 1. Determine a(f).
9
Let g(x) = -x**3 + 4*x**2 + x - 2. Let d be g(4). Suppose -3*h - 1 - d = 0. Let n(k) = k**2 + 0 + k - 3*k + 4*k + 2*k**3 + 1. Calculate n(h).
-2
Let r be ((-24)/14)/(14/(-49)). Suppose -r*l = -l - 15. Suppose -4*b + l*y = -3*b, 4*y + 1 = b. Let k(v) = v**3 + 3*v**2 - v - 4. Determine k(b).
-1
Let k(p) = 5*p**3 - 25*p**2 + 9*p + 9. Let h(z) = 3*z**3 - 17*z**2 + 6*z + 6. Let y(v) = 8*h(v) - 5*k(v). Determine y(-11).
-30
Let w(s) be the third derivative of s**5/20 - 2*s**3/3 + 4*s**2 + 19. What is w(-4)?
44
Let q(t) = 2*t. Suppose 4*b + 55 = -29. Suppose 0 = 3*d + 3*d + 72. Let c be (-33)/d + b/28. Calculate q(c).
4
Let r(o) = 4*o**2 + 1. Let y(h) = 2*h + 2*h**2 + 19*h**3 - 20*h**3 + 2*h + 1 + 0*h. Let a be y(0). Determine r(a).
5
Let y be 1 + ((-4)/(-4))/1. Let g be (y/(-12))/(1/6). Let w(b) = -7*b - 1. Determine w(g).
6
Let p(c) = c**3 - 11*c**2 + 3*c - 15. Let s = 613 + -602. Calculate p(s).
18
Let q(h) = -9*h**2 - 7*h**2 - 7*h**2 - 8*h**2 + 29*h**2 - 6 + 27*h. Give q(13).
7
Let m(y) = y**3 + y + 4*y - 4*y**2 - y**2 - 12 + 8. Let q = 76 + -73. What is m(q)?
-7
Let g(n) = n - 4. Suppose -5*q + 15 = -3*p, -2*q - 13*p = -8*p + 25. What is g(q)?
-4
Let v(y) be the first derivative of 3*y**2/2 - 5*y - 2. Let x(t) = 2*t - 4. Let q(n) = -3*v(n) + 4*x(n). What is q(4)?
-5
Let r(y) be the second derivative of -y**3/3 - 3*y**2/2 - 33*y + 1. Give r(-3).
3
Let x(n) = -n**2 + 4. Let q be x(3). Let r(l) = -4*l**2 - 7*l**3 - 5*l**3 - 15*l**3 + 26*l**3 + 5*l. What is r(q)?
0
Suppose 90 = -7*o - 92. Let k = o + 26. Suppose -4*t - t + 20 = k. Let j(v) = v - 7. Determine j(t).
-3
Suppose -4*r = 0, 4*r = -w + 4 + 1. Suppose -4*p + x - 10 = w, 3*p + 25 = -2*x. Let j(q) = q**3 + 4*q**2 - 7*q - 5. What is j(p)?
5
Let k(g) = -g**3 + 2*g**2 - 10*g - 9. Let p(u) = -u**3 + 5*u**2 - 22*u - 20. Let d(r) = -9*k(r) + 4*p(r). Determine d(-1).
-4
Let g(z) = -z + 7. Let n(j) = -j + 31. Let q(h) = -4*h + 154. Let u(t) = -11*n(t) + 2*q(t). Let p be u(13). What is g(p)?
1
Let q(z) = -7*z + 8. Suppose 2*m = -468 + 480. Calculate q(m).
-34
Let x(b) = 0*b + 2*b**2 + 5*b + 10*b + 3 - b**2 + 0*b**2. What is x(-7)?
-53
Let b = -9 - -9. Let u be (b + -4)/(4 + -6). Suppose -u = w + w. Let y(o) = o**3 + 2*o**2 - 1. Give y(w).
0
Let y be 26/4 + 7/(-14). Let h(v) be the first derivative of -6*v - 10 + 7/2*v**2 - 1/3*v**3. Calculate h(y).
0
Let f(r) = r - 161 - r + r + 163. Let i(o) = o**3 - 3*o**2. Let w be i(3). Suppose w*t - t = 0. Calculate f(t).
2
Let q = 4 + -2. Let h(k) = 3*k**2 + 6*k**q + 5*k - 10*k**2 - 4. Suppose 4 = -2*c + 4*j, j + 6 = -3*c + 28. Determine h(c).
-10
Let o(i) = -i**2 + 9*i - 4. Suppose 0 = g - 5*w - 24, -2*g + 3*g + 3*w + 16 = 0. Let b = g + 7. What is o(b)?
14
Let w(f) = -21*f + 14. Let g(i) = 4*i - 3. Suppose 0*h - 3*h = -33. Let b(q) = h*g(q) + 2*w(q). Suppose -m + 24 = 5*n, 0 = 3*n - 2*m - 2*m - 19. Calculate b(n).
5
Let y(d) = -d**2 + 4*d + 10. Let f = -104 - -110. Calculate y(f).
-2
Let d(l) be the third derivative of -l**7/5040 + l**6/720 - 7*l**5/60 + 8*l**2. Let q(v) be the third derivative of d(v). What is q(3)?
-2
Let i(t) = -14 + 7*t**2 + 0*t + 13 - 2*t - 3*t**2. Let z(l) = l**2 - 7*l - 1. Let v be z(7). Calculate i(v).
5
Let h(y) be the third derivative of y**6/120 - y**5/15 + y**4/12 - y**3/2 - 3*y**2. Suppose 4*t - 3*t + 2*i = 3, -t = -3*i - 3. What is h(t)?
-6
Let w(g) = -g**3 + 7*g**2 - 8*g + 5. Suppose 5*p - 5*n = -45, -7 = -3*n + 2. Let z(j) = -j**3 - 5*j**2 + 4*j - 6. Let y be z(p). Determine w(y).
-7
Let i(d) = d**3 - 12*d**2 + 3. Let j be i(12). Let w(n) = 8*n - j*n + 6 - n**2 - 2 - 5. Determine w(4).
3
Let o(w) = -2*w**2 - w - 1. Let g(d) = d**3 - 16*d**2 - 12*d - 8. Let f(t) = g(t) - 6*o(t). What is f(5)?
-7
Let h(a) = 4*a + 38. Let q be h(-11). Let i(c) = -5*c - 11. Give i(q).
19
Let y(x) be the third derivative of x**4/6 + 11*x**3/6 - 27*x**2. Determine y(-6).
-13
Let o(u) be the third derivative of u**6/120 - u**5/10 + 7*u**4/24 - 2*u**3/3 + 4*u**2. Let x = 220 - 216. Calculate o(x).
-8
Let n = -48 - -55. Let u(c) = c**3 - 8*c**2 + 10*c - 5. Calculate u(n).
16
Let r(n) = n**3 - 4*n**2 - 4*n + 3. Let o be r(5). Let i(t) = t**2 - t - 1. Let v(y) = 6*y**2 - 13*y + 3. Let h(a) = -5*i(a) + v(a). What is h(o)?
8
Let l(q) = -4*q - 4. Let t be l(-6). Suppose t = 5*w + 5. Let o(h) = 5*h**2 + 4*h - 4*h**3 + 4*h**w + h**3. Determine o(-4).
0
Let w(j) = -1. Let u(t) = t**2 + 13*t + 15. Let h(d) = u(d) + 5*w(d). Give h(-12).
-2
Let b be (3/2)/((-3)/(-2)). Let m(r) = 0*r**2 - r**2 + 2*r**2 - 6*r - b + 2*r. Let z(d) = d**3 + 2*d**2 - 10*d - 2. Let x be z(-4). What is m(x)?
11
Let h be -4 - -1 - (6 + -4 - 5). Let w(t) = 3 + 3*t + t**2 + t**3 + h*t**3 + 4*t - 6*t. Give w(0).
3
Let z(u) be the first derivative of u**3/3 + 7*u**2/2 - 3*u - 16. Let r(q) be the first derivative of z(q). Calculate r(-6).
-5
Let z be (-23)/(-4) + (105/(-20))/7. Let c(p) = p**2 - p - 1. Let i(y) = -6*y**2 + 5. Let v(w) = z*c(w) + i(w). Calculate v(-3).
6
Let u(j) = j**2 - j. Let h = 16 - 9. Suppose -h = 6*z - 1. Let v(o) = -o**2 + 6*o + 2. Let f(y) = z*v(y) - 2*u(y). Give f(-3).
1
Let d(x) = 81*x + 75*x - 155*x. Suppose t + 2*j = -0*t + 7, -4*t + 3*j = -17. Determine d(t).
5
Let f(a) = -4*a**2 + 6*a - 3. Let b(l) = 3*l**2 - 5*l + 2. Let z(n) = -3*b(n) - 2*f(n). Let i(y) = -y**2 - y + 4. Let p be i(3). Let o = 10 + p. Give z(o).
2
Let g(v) be the second derivative of -v**5/60 - v**4/4 + v**3/6 + 11*v**2 + 23*v. Let k(a) be the first derivative of g(a). Calculate k(-6).
1
Let i(n) = n**3 + 5*n**2 + 3. Let o(h) = 3*h**2 - 41*h + 132. Let t be o(8). Determine i(t).
19
Suppose 40*f - 39*f = 0. Let q(y) be the third derivative of -1/60*y**5 + f - 7/6*y**3 + 0*y - 1/4*y**4 - 3*y**2. What is q(-5)?
-2
Let c(d) be the second derivative of -d**5/20 - 7*d**4/12 + d**3/3 + 3*d**2/2 + 226*d. Give c(-7).
-11
Let y(x) = x**3 + 11*x**2 - 9*x + 40. Let m(v) = -58*v + 568. Let l be m(10). Give y(l).
4
Let i(l) = 3*l**2 + 18*l - 10. Let v be i(-7). Let t be (3 - 0)/(9/6). Let n(y) = v*y**3 - 3 - 18*y**3 + t*y**2 - 6*y + 8*y**3 + 2*y**2. Determine n(-5).
2
Let b(j) = -j**3 + 5*j**2 - 5*j - 2. Let q(a) = 2*a**2 + 6*a - 5. Let v be q(-5). Suppose 0 = 3*y - v, 4*s - y - 21 = -2*y. Give b(s).
-6
Let j(g) be the second derivative of g**8/6720 - g**7/360 + g**6/180 + 7*g**5/120 + 3*g**4/4 + 10*g. Let z(v) be the third derivative of j(v). What is z(6)?
-5
Let u be (0/(-11))/(-10)*1/2. Let h(k) be the third derivative of 0 + u*k + 1/12*k**4 + 0*k**3 - 7*k**2. Determine h(3).
6
Let d(q) be the second derivative of -q**5/120 - q**4/8 - 5*q**3/3 + 7*q. Let w(a) be the second derivative of d(a). What is w(-4)?
1
Let u(b) = b**3 - 5*b**2 - 3*b - 2. Let r(k) = -5*k**2 + 43*k - 19. Let t be r(8). What is u(t)?
-17
Let t(b) = b**3 - 3*b**2 + 3*b - 4. Suppose 4*s - r = 7, -23 = -s - 6*r + 2*r. Give t(s).
5
Let x(t) be the third derivative of -t**6/360 + t**5/120 + t**4/6 - 3*t**3/2 + 6*t**2. Let f(l) be the first derivative of x(l). Calculate f(0).
4
Let u(h) = h**3 + 2*h**2 - 7*h - 6. Let l(k) = -6*k**3 + 1 - 3*k**2 - 3 - k + 6*k**2. Let r be l(2). Let m be (-17)/4 + (-10)/r. Calculate u(m).
-10
Let u(r) = -4 - 5*r + 2 - r. Suppose 3*c = -3*o - 6, 4*c - 11 = 4*o + 13. Suppose -85*x + 84*x - c = 0. Determine u(x).
10
Suppose -1 = -c - 2*c - o, -o = -c - 1. Let l be -21*2*5/(-10). Suppose 2*g + 3*d + 3 = c, 5*d = 3*g + 54 - l. Let k(s) = -2*s - 7. Calculate k(g).
5
Let v be (-34)/(-51)*-4 + 4/6. Let k(c) = 2*c + 0*c**2 + 0*c**3 + c**2 + 3*c**3 + 3. Give k(v).
-21
Let g(v) = v**3 - 5*v**2 + 5*v - 3. Suppose -10*i = -3*i - 21. Suppose 5*l = i*s, l = -3*l + 5*s - 13. Determine g(l).
-6
Let c(s) be the first derivative of -2*s**3/3 + 5*s**2/2 - 3*s - 86. Give c(4).
-15
Suppose x - 3*m = -8*m - 8, -m - 4 = -x. Let c(w) = w**3 + w**2 - 2*w + 2. Give c(x).
10
Let i(g) = -g - 1 + 3 + 3*g - 4. Let v be 7/14*1*10. Suppose 3*q - d = 12, -q + v - 1 = -4*d. What is i(q)?
6
Let g(t) = t**3 - 6*t**2 + 3*t - 4. Let x = 16 + -45. Let c = -23 - x. Calculate g(c).
14
Let b(u) be the third derivative of u**9/60480 + u**8/3360 + u**7/1680 + u**6/360 - 7*u**5/20 + 9*u**2. Let v(g) be the third derivative of b(g). What is v(-5)?
12
Let q(h) = 2*h**2 - 2*h - 9. Let v(g) = 5*g**2 - 3*g - 1